e prime factors of 28920306.
2, 3, 4820051
What are the prime factors of 514909170?
2, 3, 5, 1907071
What are the prime factors of 2839577865?
3, 5, 211, 809, 1109
List the prime factors of 427672379.
427672379
List the prime factors of 736894894.
2, 127, 2901161
What are the prime factors of 19630728?
2, 3, 13, 6991
List the prime factors of 150387717.
3, 19, 2638381
List the prime factors of 2229161301.
3, 19, 13036031
What are the prime factors of 314974485?
3, 5, 7, 991, 1009
List the prime factors of 112927194.
2, 3, 23, 272771
List the prime factors of 314082486.
2, 3, 17449027
List the prime factors of 902696626.
2, 13, 31, 491, 2281
List the prime factors of 49794338.
2, 11, 47, 48157
What are the prime factors of 1052503553?
1052503553
List the prime factors of 280859344.
2, 17553709
List the prime factors of 5693378.
2, 523, 5443
List the prime factors of 86612733.
3, 23, 15497
What are the prime factors of 2594287613?
2594287613
What are the prime factors of 2389922012?
2, 6449, 92647
List the prime factors of 1874901698.
2, 8147, 115067
List the prime factors of 516029489.
757, 681677
List the prime factors of 312907475.
5, 12516299
List the prime factors of 3856346227.
3856346227
What are the prime factors of 207912299?
7, 29701757
List the prime factors of 396749793.
3, 11, 23, 463, 1129
What are the prime factors of 41531628?
2, 3, 433, 7993
What are the prime factors of 665889607?
1279, 520633
What are the prime factors of 43010415?
3, 5, 7, 136541
What are the prime factors of 1096465668?
2, 3, 113, 808603
What are the prime factors of 111643714?
2, 7, 13, 613427
List the prime factors of 5744927912.
2, 17, 4663, 9059
List the prime factors of 60510361.
17, 3559433
What are the prime factors of 216860113?
149, 1455437
What are the prime factors of 345500113?
7, 29, 1701971
List the prime factors of 72516668.
2, 7, 369983
List the prime factors of 3614167077.
3, 23, 52379233
What are the prime factors of 122914701?
3, 7, 13, 223, 673
List the prime factors of 112493909.
11, 10226719
What are the prime factors of 293761498?
2, 146880749
What are the prime factors of 1687455401?
59, 997, 28687
List the prime factors of 175594800.
2, 3, 5, 41, 43, 83
What are the prime factors of 190452095?
5, 2281, 16699
What are the prime factors of 1321827217?
263, 5025959
List the prime factors of 37301312.
2, 67, 8699
List the prime factors of 182072015.
5, 36414403
List the prime factors of 12822167.
199, 64433
What are the prime factors of 29363020?
2, 5, 193, 7607
What are the prime factors of 71574093?
3, 7952677
List the prime factors of 111801345.
3, 5, 31, 240433
List the prime factors of 4115970974.
2, 61, 1163, 29009
List the prime factors of 785286744.
2, 3, 11, 1117, 2663
List the prime factors of 148203640.
2, 5, 13, 285007
List the prime factors of 589606840.
2, 5, 23, 37, 17321
List the prime factors of 301156603.
11, 41, 667753
List the prime factors of 2606904.
2, 3, 149
What are the prime factors of 399468263?
31, 12886073
What are the prime factors of 2411341?
53, 45497
What are the prime factors of 1834097675?
5, 61, 977, 1231
List the prime factors of 7916763208.
2, 23, 43025887
List the prime factors of 16933641.
3, 5644547
What are the prime factors of 1574797663?
37, 643, 1789
What are the prime factors of 6685250228?
2, 1671312557
List the prime factors of 55826592.
2, 3, 581527
What are the prime factors of 478665774?
2, 3, 328303
List the prime factors of 17953010.
2, 5, 149, 12049
What are the prime factors of 20696570?
2, 5, 2069657
List the prime factors of 339173473.
29, 1423, 8219
List the prime factors of 701551955.
5, 13, 709, 1171
List the prime factors of 3896586252.
2, 3, 13, 17, 89, 5503
List the prime factors of 919182875.
5, 13, 565651
What are the prime factors of 153606877?
153606877
What are the prime factors of 307073860?
2, 5, 15353693
What are the prime factors of 179347344?
2, 3, 11, 339673
What are the prime factors of 785334544?
2, 49083409
List the prime factors of 34909912.
2, 97, 44987
What are the prime factors of 283698308?
2, 70924577
What are the prime factors of 365023802?
2, 11, 13, 1276307
List the prime factors of 70188309.
3, 31, 83857
List the prime factors of 2817116256.
2, 3, 29344961
List the prime factors of 531729540.
2, 3, 5, 83, 35591
List the prime factors of 24862954.
2, 23, 59, 9161
What are the prime factors of 1131352620?
2, 3, 5, 67, 281431
What are the prime factors of 501352777?
2729, 183713
What are the prime factors of 920847095?
5, 7, 31, 848707
What are the prime factors of 62314703?
11, 1163, 4871
What are the prime factors of 350203204?
2, 13, 47, 143291
What are the prime factors of 135215478?
2, 3, 43, 97, 1801
List the prime factors of 311105977.
7, 13, 3418747
List the prime factors of 2427769.
2427769
What are the prime factors of 892131550?
2, 5, 89, 433, 463
List the prime factors of 2919463500.
2, 3, 5, 43, 45263
List the prime factors of 1239137444.
2, 309784361
What are the prime factors of 15023479?
29, 631, 821
List the prime factors of 653695.
5, 7, 19, 983
What are the prime factors of 30627976?
2, 3828497
What are the prime factors of 1102148293?
23, 47919491
List the prime factors of 116442992.
2, 7277687
What are the prime factors of 2475722?
2, 31, 73, 547
What are the prime factors of 13870219?
11, 23, 73, 751
What are the prime factors of 161856940?
2, 5, 7, 1156121
List the prime factors of 23451335.
5, 569, 8243
List the prime factors of 134374706.
2, 193, 337, 1033
List the prime factors of 123345594.
2, 3, 6852533
What are the prime factors of 133660382?
2, 53, 409, 3083
List the prime factors of 37396375.
5, 299171
List the prime factors of 131358814.
2, 877, 74891
List the prime factors of 471568855.
5, 29, 379, 8581
What are the prime factors of 74649899?
74649899
List the prime factors of 479418225.
3, 5, 11, 13, 44701
List the prime factors of 7357231330.
2, 5, 37, 3271, 6079
What are the prime factors of 95389411?
13, 41, 191, 937
List the prime factors of 56222147.
56222147
List the prime factors of 4516748079.
3, 43, 211, 165941
What are the prime factors of 1746237328?
2, 11, 9921803
List the prime factors of 14533677.
3, 23, 61, 1151
List the prime factors of 30968229.
3, 1583, 6521
What are the prime factors of 1417777884?
2, 3, 3461, 3793
What are the prime factors of 164191421?
3229, 50849
List the prime factors of 335233851.
3, 53, 2108389
What are the prime factors of 452451141?
3, 17, 2957197
List the prime factors of 131891581.
1259, 104759
List the prime factors of 134569173.
3, 53, 199, 4253
What are the prime factors of 314724204?
2, 3, 971371
What are the prime factors of 348843364?
2, 823, 105967
What are the prime factors of 558825410?
2, 5, 11, 13, 593, 659
What are the prime factors of 57932563?
13, 1453, 3067
List the prime factors of 992172422.
2, 31, 293, 54617
List the prime factors of 68976727.
449, 153623
What are the prime factors of 68577269?
17, 4033957
List the prime factors of 86735966.
2, 1237, 35059
List the prime factors of 83121366.
2, 3, 29, 607, 787
List the prime factors of 142572159.
3, 3347, 4733
What are the prime factors of 41542763?
41542763
List the prime factors of 16945465.
5, 3389093
List the prime factors of 148729955.
5, 11, 109, 24809
What are the prime factors of 983029031?
59, 16661509
List the prime factors of 4225675564.
2, 11, 96038081
What are the prime factors of 48522451?
373, 130087
List the prime factors of 69334365.
3, 5, 601, 7691
List the prime factors of 5077243953.
3, 17, 31, 1070471
List the prime factors of 138345429.
3, 46115143
What are the prime factors of 630504766?
2, 315252383
What are the prime factors of 196964430?
2, 3, 5, 13, 53, 733
What are the prime factors of 480194616?
2, 3, 11, 1818919
What are the prime factors of 1978248774?
2, 3, 127, 2596127
What are the prime factors of 3604109492?
2, 14563, 61871
What are the prime factors of 14024891?
1489, 9419
What are the prime factors of 21921268?
2, 313, 17509
What are the prime factors of 755282939?
755282939
List the prime factors of 2341312248.
2, 3, 11, 61, 13217
What are the prime factors of 14790759?
3, 19, 47, 5521
What are the prime factors of 777319938?
2, 3, 1409, 30649
What are the prime fac